{"id":157,"date":"2024-03-10T14:35:04","date_gmt":"2024-03-10T11:35:04","guid":{"rendered":"https:\/\/sonproje.com.tr\/?page_id=157"},"modified":"2024-03-10T16:47:03","modified_gmt":"2024-03-10T13:47:03","slug":"hizmetler","status":"publish","type":"page","link":"https:\/\/sonproje.com.tr\/index.php\/hizmetler\/","title":{"rendered":""},"content":{"rendered":"\n<figure class=\"wp-block-image size-large is-resized\"><img loading=\"lazy\" decoding=\"async\" width=\"1024\" height=\"480\" src=\"https:\/\/sonproje.com.tr\/wp-content\/uploads\/2024\/03\/01-1024x480.webp\" alt=\"\" class=\"wp-image-145\" style=\"width:670px;height:auto\" srcset=\"https:\/\/sonproje.com.tr\/wp-content\/uploads\/2024\/03\/01-1024x480.webp 1024w, https:\/\/sonproje.com.tr\/wp-content\/uploads\/2024\/03\/01-300x141.webp 300w, https:\/\/sonproje.com.tr\/wp-content\/uploads\/2024\/03\/01-768x360.webp 768w, https:\/\/sonproje.com.tr\/wp-content\/uploads\/2024\/03\/01-1536x720.webp 1536w, https:\/\/sonproje.com.tr\/wp-content\/uploads\/2024\/03\/01.webp 1752w\" sizes=\"auto, (max-width: 1024px) 100vw, 1024px\" \/><\/figure>\n\n\n\n<div class=\"wp-block-group has-global-padding is-layout-constrained wp-block-group-is-layout-constrained\">\n<p class=\"has-text-align-center has-medium-font-size\">\u0130MAR PLANI <\/p>\n\n\n\n<p class=\"has-text-align-center\">KAMULA\u015eTIRMA<\/p>\n\n\n\n<p class=\"has-text-align-center\">HAL\u0130HAZIR HAR\u0130TA<\/p>\n\n\n\n<p class=\"has-text-align-center\">YER SE\u00c7\u0130M\u0130<\/p>\n\n\n\n<p class=\"has-text-align-center\">TAR\u0130H\u0130 ESER ANAL\u0130Z<\/p>\n<\/div>\n","protected":false},"excerpt":{"rendered":"<p>\u0130MAR PLANI KAMULA\u015eTIRMA HAL\u0130HAZIR HAR\u0130TA YER SE\u00c7\u0130M\u0130 TAR\u0130H\u0130 ESER ANAL\u0130Z<\/p>\n","protected":false},"author":1,"featured_media":0,"parent":0,"menu_order":0,"comment_status":"closed","ping_status":"closed","template":"","meta":{"footnotes":""},"class_list":["post-157","page","type-page","status-publish","hentry"],"_links":{"self":[{"href":"https:\/\/sonproje.com.tr\/index.php\/wp-json\/wp\/v2\/pages\/157","targetHints":{"allow":["GET"]}}],"collection":[{"href":"https:\/\/sonproje.com.tr\/index.php\/wp-json\/wp\/v2\/pages"}],"about":[{"href":"https:\/\/sonproje.com.tr\/index.php\/wp-json\/wp\/v2\/types\/page"}],"author":[{"embeddable":true,"href":"https:\/\/sonproje.com.tr\/index.php\/wp-json\/wp\/v2\/users\/1"}],"replies":[{"embeddable":true,"href":"https:\/\/sonproje.com.tr\/index.php\/wp-json\/wp\/v2\/comments?post=157"}],"version-history":[{"count":8,"href":"https:\/\/sonproje.com.tr\/index.php\/wp-json\/wp\/v2\/pages\/157\/revisions"}],"predecessor-version":[{"id":204,"href":"https:\/\/sonproje.com.tr\/index.php\/wp-json\/wp\/v2\/pages\/157\/revisions\/204"}],"wp:attachment":[{"href":"https:\/\/sonproje.com.tr\/index.php\/wp-json\/wp\/v2\/media?parent=157"}],"curies":[{"name":"wp","href":"https:\/\/api.w.org\/{rel}","templated":true}]}}